{"id":1982,"date":"2021-12-15T09:03:57","date_gmt":"2021-12-15T07:03:57","guid":{"rendered":"https:\/\/erdelyivakiskola.org\/?post_type=product&#038;p=1982"},"modified":"2022-06-07T11:16:05","modified_gmt":"2022-06-07T09:16:05","slug":"magyar-alom-tuzzomanckep","status":"publish","type":"product","link":"https:\/\/erdelyivakiskola.org\/ro\/product\/magyar-alom-tuzzomanckep\/","title":{"rendered":"DREAM &#8211; fire enamel picture"},"content":{"rendered":"<p>The fire enamel painting from 2015 &#8222;DREAM&#8221; by Gyula Elekes, fire enamel artist from Odorheiu Secuiesc, Transilvania, member of the Hungarian Enamel Artists&#8217; Society.<\/p>\n<p>The picture is 26 X 37 cm, including frame 38 X 49.5 cm.<\/p>\n<p>Gyula Elekes was born in 1960 in Odorheiu Secuiesc, where he still lives. In 1979 he graduated from the Graphic Art Department of the Art Lyceum of T\u00e2rgu Mures. He studied at private art schools in Germany and Spain. He was a drawing teacher, unskilled worker, advertising graphic artist in a machine tool factory, teacher of fire enamel in Austria, Germany and Spain, and for five years he directed a professional theatre and a professional folk dance company. For more than fifteen years, he was the director of the Odorheiu Secuiesc House of Culture. Occasionally he has fire enamel instructor in Odorheiu Secuiesc, occasionally in Soltvadkert, Kisk\u0151r\u00f6s, Keszthely, La Coruna and Vienna.<\/p>\n<p>Her awards include:<\/p>\n<p>2002 &#8211; Pro Urbe Tihany<\/p>\n<p>2004 &#8211; Pro Urbe Sz\u00e9kelyudvarhely<\/p>\n<p>2010 &#8211; Pr\u00edma Award Sz\u00e9kelyudvarhely<\/p>\n<p>2011 &#8211; Pro Cultura Hungarica Award, Ministry of National Resources, Budapest<\/p>\n<p>2011 &#8211; Award of the 37th International Enamel Artists&#8217; Contest, Kecskem\u00e9t<\/p>\n<p>2017 &#8211; 43rd International Enamel Artists&#8217; Workshop Award, Kecskem\u00e9t<\/p>\n<p>2017 &#8211; Hargitai Salon Award<\/p>\n<p>2019 &#8211; 45th International Enamel Art Workshop I Award, Kecskem\u00e9t<\/p>\n<p>He has had solo exhibitions in many European cities, in Hungary, Romania, Germany, Spain, Switzerland, Sweden, Russia.<\/p>\n<p>This work is an excellent investment!<\/p>\n<p>(Photos by B\u00e1lint El\u0151d Erd\u00e9ly, photographer)<\/p>\n","protected":false},"featured_media":1983,"template":"","class_list":["post-1982","product","type-product","status-publish","has-post-thumbnail","hentry"],"acf":[],"_links":{"self":[{"href":"https:\/\/erdelyivakiskola.org\/ro\/wp-json\/wp\/v2\/product\/1982","targetHints":{"allow":["GET"]}}],"collection":[{"href":"https:\/\/erdelyivakiskola.org\/ro\/wp-json\/wp\/v2\/product"}],"about":[{"href":"https:\/\/erdelyivakiskola.org\/ro\/wp-json\/wp\/v2\/types\/product"}],"wp:featuredmedia":[{"embeddable":true,"href":"https:\/\/erdelyivakiskola.org\/ro\/wp-json\/wp\/v2\/media\/1983"}],"wp:attachment":[{"href":"https:\/\/erdelyivakiskola.org\/ro\/wp-json\/wp\/v2\/media?parent=1982"}],"curies":[{"name":"wp","href":"https:\/\/api.w.org\/{rel}","templated":true}]}}

<p>The fire enamel painting from 2015 &#8222;DREAM&#8221; by Gyula Elekes, fire enamel artist from Odorheiu Secuiesc, Transilvania, member of the Hungarian Enamel Artists&#8217; Society.</p>
<p>The picture is 26 X 37 cm, including frame 38 X 49.5 cm.</p>
<p>Gyula Elekes was born in 1960 in Odorheiu Secuiesc, where he still lives. In 1979 he graduated from the Graphic Art Department of the Art Lyceum of Târgu Mures. He studied at private art schools in Germany and Spain. He was a drawing teacher, unskilled worker, advertising graphic artist in a machine tool factory, teacher of fire enamel in Austria, Germany and Spain, and for five years he directed a professional theatre and a professional folk dance company. For more than fifteen years, he was the director of the Odorheiu Secuiesc House of Culture. Occasionally he has fire enamel instructor in Odorheiu Secuiesc, occasionally in Soltvadkert, Kiskőrös, Keszthely, La Coruna and Vienna.</p>
<p>Her awards include:</p>
<p>2002 &#8211; Pro Urbe Tihany</p>
<p>2004 &#8211; Pro Urbe Székelyudvarhely</p>
<p>2010 &#8211; Príma Award Székelyudvarhely</p>
<p>2011 &#8211; Pro Cultura Hungarica Award, Ministry of National Resources, Budapest</p>
<p>2011 &#8211; Award of the 37th International Enamel Artists&#8217; Contest, Kecskemét</p>
<p>2017 &#8211; 43rd International Enamel Artists&#8217; Workshop Award, Kecskemét</p>
<p>2017 &#8211; Hargitai Salon Award</p>
<p>2019 &#8211; 45th International Enamel Art Workshop I Award, Kecskemét</p>
<p>He has had solo exhibitions in many European cities, in Hungary, Romania, Germany, Spain, Switzerland, Sweden, Russia.</p>
<p>This work is an excellent investment!</p>
<p>(Photos by Bálint Előd Erdély, photographer)</p>
