{"id":1795,"date":"2021-12-13T10:35:10","date_gmt":"2021-12-13T08:35:10","guid":{"rendered":"https:\/\/erdelyivakiskola.org\/?page_id=1795"},"modified":"2022-02-18T11:31:04","modified_gmt":"2022-02-18T09:31:04","slug":"privacy-policy","status":"publish","type":"page","link":"https:\/\/erdelyivakiskola.org\/hu\/privacy-policy\/","title":{"rendered":"Adatv\u00e9delmi ir\u00e1nyelvek"},"content":{"rendered":"<p>1. LICITSZAB\u00c1LYZAT<\/p>\n<p>A szab\u00e1lyzat c\u00e9lja, hogy az Erd\u00e9lyi Magyar L\u00e1t\u00e1ss\u00e9r\u00fcltek\u00e9rt Egyes\u00fclet (tov\u00e1bbiakban EMLE) \u00e1tfog\u00f3, \u00e1tl\u00e1that\u00f3 \u00e9s szab\u00e1lyszeru\u030b m\u00f3don hat\u00e1rozza meg az <a href=\"http:\/\/erdelyivakiskola.org\">erdelyivakiskola.org<\/a> weboldalon m\u0171k\u00f6d\u0151 licit szab\u00e1lyait, mindezzel seg\u00edtve a r\u00e9sztvevo\u030bket az webfel\u00fclet z\u00f6kken\u0151mentes haszn\u00e1lat\u00e1ban, valamint a licit tisztess\u00e9ges \u00e9s j\u00f3hiszem\u0171 lebonyol\u00edt\u00e1s\u00e1t. Ennek \u00e9rdek\u00e9ben az EMLE, mint az <a href=\"http:\/\/erdelyivakiskola.org\">erdelyivakiskola.org<\/a> weboldal tulajdonosa, online el\u00e9rheto\u030bv\u00e9 teszi a licitszab\u00e1lyzatot.<\/p>\n<p>Jelen szab\u00e1lyzat hat\u00e1lya a licittev\u00e9kenys\u00e9gre terjed ki, valamint azokra a szem\u00e9lyekre, akik r\u00e9szt k\u00edv\u00e1nnak venni a licitben \u00e9s ennek \u00e9rdek\u00e9ben regisztr\u00e1lnak \u00e9s \u00e9rv\u00e9nyes aj\u00e1nlatot tesznek egy tetsz\u0151leges licitt\u00e1rgyra az <a href=\"http:\/\/erdelyivakiskola.org\">erdelyivakiskola.org<\/a> weboldal licitfel\u00fclet\u00e9n.<\/p>\n<p>A licit\u00e1l\u00f3 tudom\u00e1sul veszi, hogy regisztr\u00e1ci\u00f3 elo\u030btt az o\u030b k\u00f6teless\u00e9ge elo\u030bzetesen t\u00e1j\u00e9koz\u00f3dni a licitszab\u00e1lyzat rendelkez\u00e9seiro\u030bl, ennek elmulaszt\u00e1s\u00e1ra k\u00f6telezetts\u00e9gek keletkeztet\u00e9se vagy elo\u030bny\u00f6k szerz\u00e9se v\u00e9gett nem hivatkozhat.<\/p>\n<p>2. A LICIT SZERVEZO\u030bJE<\/p>\n<p>A licit szervezo\u030bje \u00e9s lebonyol\u00edt\u00f3ja az Erd\u00e9lyi Magyar L\u00e1t\u00e1ss\u00e9r\u00fcltek\u00e9rt Egyes\u00fclet, mely a licitb\u0151l befolyt anyagi \u00e9s egy\u00e9b javakat kiz\u00e1r\u00f3lag az erd\u00e9lyi magyar vakok Oktat\u00e1si K\u00f6zpontj\u00e1nak fenntart\u00e1s\u00e1ra, fejleszt\u00e9s\u00e9re \u00e9s m\u0171k\u00f6dtet\u00e9s\u00e9re haszn\u00e1lja fel. A licit az <a href=\"http:\/\/erdelyivakiskola.org\">erdelyivakiskola.org<\/a> weboldal licitfel\u00fclet\u00e9n t\u00f6rt\u00e9nik.<\/p>\n<p>3. A LICIT R\u00d6VID BEMUTAT\u00c1SA<\/p>\n<p>Az EMLE \u00e1ltal m\u0171k\u00f6dtetett <a href=\"http:\/\/erdelyivakiskola.org\">erdelyivakiskola.org<\/a> weboldalon zajl\u00f3 licit j\u00f3t\u00e9konys\u00e1gi licit, amelyen a 4. pontban le\u00edrt felt\u00e9telek mellett \u00e9s azok figyelembe v\u00e9tel\u00e9vel b\u00e1rki r\u00e9szt vehet. R\u00e9szt vehet b\u00e1rmely term\u00e9szetes \u00e9s jogi szem\u00e9ly, aki a sz\u00f3ban forg\u00f3 webfel\u00fcleten regisztr\u00e1l \u00e9s a licit\u00e1l\u00e1sra bocs\u00e1tott t\u00e1rgyak legal\u00e1bb egyik\u00e9re, vagy mindegyik\u00e9re \u00e9rv\u00e9nyes licitet tesz. A licitre felaj\u00e1nlott t\u00e1rgyak annak tulajdon\u00e1ba ker\u00fclnek a licit v\u00e9g\u00e9n, aki arra a legmagasabb \u00e9rv\u00e9nyes licitet adja. Ugyanakkor, az EMLE fenntartja a jogot, hogy a licit\u00f6sszegt\u0151l f\u00fcggetlen\u00fcl meghat\u00e1rozza b\u00e1rmely licit nyertes\u00e9t.<\/p>\n<p>A licit folyamata:<\/p>\n<p>A licitet az <a href=\"http:\/\/erdelyivakiskola.org\">erdelyivakiskola.org<\/a> weboldalon lehet megtenni az oldalon t\u00f6rt\u00e9no\u030b regisztr\u00e1ci\u00f3 \u00e9s bejelentkez\u00e9s ut\u00e1n.<\/p>\n<p>Minden licitt\u00e1rgynak van egy meghat\u00e1rozott kiki\u00e1lt\u00e1si \u00e1ra, egy meghat\u00e1rozott licit l\u00e9pcs\u0151, amivel a licit \u00e9rt\u00e9ke n\u00f6vekszik, \u00e9s van egy azonnali v\u00e9teli \u00e1ra. Van egy rendelkez\u00e9sre \u00e1ll\u00f3 id\u0151limit, aminek lej\u00e1rta ut\u00e1n az adott t\u00e1rgyra m\u00e1r nem lehet aj\u00e1nlatot tenni, a licit lez\u00e1rul, \u00e9s annak tulajdon\u00e1ba ker\u00fcl a licitt\u00e1rgy, aki a a licit sor\u00e1n a legnagyobb aj\u00e1nlatot tette meg.<\/p>\n<p>4. A LICITBEN VAL\u00d3 R\u00c9SZV\u00c9TEL FELT\u00c9TELEI<\/p>\n<p>A licitben akkor van leheto\u030bs\u00e9g \u00f6nk\u00e9ntesen r\u00e9szt venni, ha a r\u00e9szv\u00e9telre jelentkezo\u030b megfelel az al\u00e1bbi r\u00e9szv\u00e9teli felt\u00e9teleknek:<\/p>\n<p>a) regisztr\u00e1l \u00e9s \u00e9rv\u00e9nyes licitaj\u00e1nlatot tesz egy tetsz\u0151leges licit t\u00e1rgyra,<\/p>\n<p>b) elfogadja a jelen licitszab\u00e1lyzatot, valamint<\/p>\n<p>c) a licitkor megadja a licitben val\u00f3 r\u00e9szv\u00e9telhez felt\u00e9tlen\u00fcl sz\u00fcks\u00e9ges adatait.<\/p>\n<p>A licitben azok a term\u00e9szetes szem\u00e9lyek vehetnek r\u00e9szt, akik a fenti a)-c) pontok teljes\u00edt\u00e9s\u00e9n t\u00falmeno\u030ben a tizennyolcadik \u00e9let\u00e9v\u00fcket bet\u00f6lt\u00f6tt\u00e9k, illetve nem \u00e1llnak a cselekvo\u030bk\u00e9pess\u00e9g\u00fcket \u00e9rinto\u030b gondnoks\u00e1g hat\u00e1lya alatt.<\/p>\n<p>Amennyiben a licit\u00e1l\u00f3 a jelen licitszab\u00e1lyzatban foglaltakkal nem \u00e9rt egyet vagy a r\u00e9szv\u00e9telei sz\u00e1nd\u00e9kot tan\u00fas\u00edt\u00f3 adatokat nem t\u00f6lti ki, a licitben nem jogosult r\u00e9szt venni.<span class=\"Apple-converted-space\">\u00a0<\/span><\/p>\n<p>5. ADATKEZEL\u00c9SI T\u00c1J\u00c9KOZTAT\u00d3<\/p>\n<p>Az adatszolg\u00e1ltat\u00e1s az EU 2016\/679 sz\u00e1m\u00fa rendelete alapj\u00e1n (\u00e1ltal\u00e1nos adatv\u00e9delmi rendelet 6. cikk (1) bekezd\u00e9s a) pontj) az \u00e9rintett hozz\u00e1j\u00e1rul\u00e1s\u00e1n alapul.<\/p>\n<p>A szem\u00e9lyes adatok rendelkez\u00e9sre bocs\u00e1t\u00e1sa nem k\u00f6telezo\u030b, azonban az adatszolg\u00e1ltat\u00e1s elmarad\u00e1sa, valamint \u2013 adott esetben \u2013 a hozz\u00e1j\u00e1rul\u00e1s visszavon\u00e1sa azzal a k\u00f6vetkezm\u00e9nnyel j\u00e1r, hogy nem lehets\u00e9ges a licitben t\u00f6rt\u00e9no\u030b (tov\u00e1bbi) r\u00e9szv\u00e9tel.<\/p>\n<p>Kezelt szem\u00e9lyes adatok k\u00f6re kiz\u00e1r\u00f3lagosan a licit folyamat\u00e1nak z\u00f6kken\u0151mentes megval\u00f3s\u00edt\u00e1s\u00e1hoz sz\u00fcks\u00e9ges. Az EMLE \u00e1ltal \u00fczemeltetett <a href=\"http:\/\/erdelyivakiskola.org\">erdelyivakiskola.org<\/a> weboldal egyetlen esetben sem k\u00e9r szem\u00e9lyes adatokat kereskedelmi c\u00e9llal, az adatokat semmilyen esetben sem adja tov\u00e1bb harmadik f\u00e9lnek, \u00e9s a birtok\u00e1ban lev\u0151 szem\u00e9lyes adatokat a vonatkoz\u00f3 t\u00f6rv\u00e9nyek szerint v\u00e9di az EU \u00c1ltal\u00e1nos Adatv\u00e9delmi Rendeletben foglaltakkal \u00f6sszhangban.<\/p>","protected":false},"excerpt":{"rendered":"<p>1. LICITSZAB\u00c1LYZAT A szab\u00e1lyzat c\u00e9lja, hogy az Erd\u00e9lyi Magyar L\u00e1t\u00e1ss\u00e9r\u00fcltek\u00e9rt Egyes\u00fclet (tov\u00e1bbiakban EMLE) \u00e1tfog\u00f3, \u00e1tl\u00e1that\u00f3 \u00e9s szab\u00e1lyszeru\u030b m\u00f3don hat\u00e1rozza meg az erdelyivakiskola.org weboldalon m\u0171k\u00f6d\u0151 licit szab\u00e1lyait, mindezzel seg\u00edtve a r\u00e9sztvevo\u030bket az webfel\u00fclet z\u00f6kken\u0151mentes haszn\u00e1lat\u00e1ban, valamint a licit tisztess\u00e9ges \u00e9s j\u00f3hiszem\u0171 lebonyol\u00edt\u00e1s\u00e1t. Ennek \u00e9rdek\u00e9ben az EMLE, mint az erdelyivakiskola.org weboldal tulajdonosa, online el\u00e9rheto\u030bv\u00e9 teszi a licitszab\u00e1lyzatot. [&hellip;]<\/p>\n","protected":false},"author":2,"featured_media":0,"parent":0,"menu_order":6,"comment_status":"closed","ping_status":"closed","template":"","meta":{"_acf_changed":false,"footnotes":""},"class_list":["post-1795","page","type-page","status-publish","hentry"],"acf":[],"_links":{"self":[{"href":"https:\/\/erdelyivakiskola.org\/hu\/wp-json\/wp\/v2\/pages\/1795","targetHints":{"allow":["GET"]}}],"collection":[{"href":"https:\/\/erdelyivakiskola.org\/hu\/wp-json\/wp\/v2\/pages"}],"about":[{"href":"https:\/\/erdelyivakiskola.org\/hu\/wp-json\/wp\/v2\/types\/page"}],"author":[{"embeddable":true,"href":"https:\/\/erdelyivakiskola.org\/hu\/wp-json\/wp\/v2\/users\/2"}],"replies":[{"embeddable":true,"href":"https:\/\/erdelyivakiskola.org\/hu\/wp-json\/wp\/v2\/comments?post=1795"}],"version-history":[{"count":5,"href":"https:\/\/erdelyivakiskola.org\/hu\/wp-json\/wp\/v2\/pages\/1795\/revisions"}],"predecessor-version":[{"id":2172,"href":"https:\/\/erdelyivakiskola.org\/hu\/wp-json\/wp\/v2\/pages\/1795\/revisions\/2172"}],"wp:attachment":[{"href":"https:\/\/erdelyivakiskola.org\/hu\/wp-json\/wp\/v2\/media?parent=1795"}],"curies":[{"name":"wp","href":"https:\/\/api.w.org\/{rel}","templated":true}]}}

Adatvédelmi irányelvek

<p>1. LICITSZABÁLYZAT</p>
<p>A szabályzat célja, hogy az Erdélyi Magyar Látássérültekért Egyesület (továbbiakban EMLE) átfogó, átlátható és szabályszerű módon határozza meg az <a href="http://erdelyivakiskola.org">erdelyivakiskola.org</a> weboldalon működő licit szabályait, mindezzel segítve a résztvevőket az webfelület zökkenőmentes használatában, valamint a licit tisztességes és jóhiszemű lebonyolítását. Ennek érdekében az EMLE, mint az <a href="http://erdelyivakiskola.org">erdelyivakiskola.org</a> weboldal tulajdonosa, online elérhetővé teszi a licitszabályzatot.</p>
<p>Jelen szabályzat hatálya a licittevékenységre terjed ki, valamint azokra a személyekre, akik részt kívánnak venni a licitben és ennek érdekében regisztrálnak és érvényes ajánlatot tesznek egy tetszőleges licittárgyra az <a href="http://erdelyivakiskola.org">erdelyivakiskola.org</a> weboldal licitfelületén.</p>
<p>A licitáló tudomásul veszi, hogy regisztráció előtt az ő kötelessége előzetesen tájékozódni a licitszabályzat rendelkezéseiről, ennek elmulasztására kötelezettségek keletkeztetése vagy előnyök szerzése végett nem hivatkozhat.</p>
<p>2. A LICIT SZERVEZŐJE</p>
<p>A licit szervezője és lebonyolítója az Erdélyi Magyar Látássérültekért Egyesület, mely a licitből befolyt anyagi és egyéb javakat kizárólag az erdélyi magyar vakok Oktatási Központjának fenntartására, fejlesztésére és működtetésére használja fel. A licit az <a href="http://erdelyivakiskola.org">erdelyivakiskola.org</a> weboldal licitfelületén történik.</p>
<p>3. A LICIT RÖVID BEMUTATÁSA</p>
<p>Az EMLE által működtetett <a href="http://erdelyivakiskola.org">erdelyivakiskola.org</a> weboldalon zajló licit jótékonysági licit, amelyen a 4. pontban leírt feltételek mellett és azok figyelembe vételével bárki részt vehet. Részt vehet bármely természetes és jogi személy, aki a szóban forgó webfelületen regisztrál és a licitálásra bocsátott tárgyak legalább egyikére, vagy mindegyikére érvényes licitet tesz. A licitre felajánlott tárgyak annak tulajdonába kerülnek a licit végén, aki arra a legmagasabb érvényes licitet adja. Ugyanakkor, az EMLE fenntartja a jogot, hogy a licitösszegtől függetlenül meghatározza bármely licit nyertesét.</p>
<p>A licit folyamata:</p>
<p>A licitet az <a href="http://erdelyivakiskola.org">erdelyivakiskola.org</a> weboldalon lehet megtenni az oldalon történő regisztráció és bejelentkezés után.</p>
<p>Minden licittárgynak van egy meghatározott kikiáltási ára, egy meghatározott licit lépcső, amivel a licit értéke növekszik, és van egy azonnali vételi ára. Van egy rendelkezésre álló időlimit, aminek lejárta után az adott tárgyra már nem lehet ajánlatot tenni, a licit lezárul, és annak tulajdonába kerül a licittárgy, aki a a licit során a legnagyobb ajánlatot tette meg.</p>
<p>4. A LICITBEN VALÓ RÉSZVÉTEL FELTÉTELEI</p>
<p>A licitben akkor van lehetőség önkéntesen részt venni, ha a részvételre jelentkező megfelel az alábbi részvételi feltételeknek:</p>
<p>a) regisztrál és érvényes licitajánlatot tesz egy tetszőleges licit tárgyra,</p>
<p>b) elfogadja a jelen licitszabályzatot, valamint</p>
<p>c) a licitkor megadja a licitben való részvételhez feltétlenül szükséges adatait.</p>
<p>A licitben azok a természetes személyek vehetnek részt, akik a fenti a)-c) pontok teljesítésén túlmenően a tizennyolcadik életévüket betöltötték, illetve nem állnak a cselekvőképességüket érintő gondnokság hatálya alatt.</p>
<p>Amennyiben a licitáló a jelen licitszabályzatban foglaltakkal nem ért egyet vagy a részvételei szándékot tanúsító adatokat nem tölti ki, a licitben nem jogosult részt venni.<span class="Apple-converted-space"> </span></p>
<p>5. ADATKEZELÉSI TÁJÉKOZTATÓ</p>
<p>Az adatszolgáltatás az EU 2016/679 számú rendelete alapján (általános adatvédelmi rendelet 6. cikk (1) bekezdés a) pontj) az érintett hozzájárulásán alapul.</p>
<p>A személyes adatok rendelkezésre bocsátása nem kötelező, azonban az adatszolgáltatás elmaradása, valamint – adott esetben – a hozzájárulás visszavonása azzal a következménnyel jár, hogy nem lehetséges a licitben történő (további) részvétel.</p>
<p>Kezelt személyes adatok köre kizárólagosan a licit folyamatának zökkenőmentes megvalósításához szükséges. Az EMLE által üzemeltetett <a href="http://erdelyivakiskola.org">erdelyivakiskola.org</a> weboldal egyetlen esetben sem kér személyes adatokat kereskedelmi céllal, az adatokat semmilyen esetben sem adja tovább harmadik félnek, és a birtokában levő személyes adatokat a vonatkozó törvények szerint védi az EU Általános Adatvédelmi Rendeletben foglaltakkal összhangban.</p>

<p>1. LICITSZABÁLYZAT A szabályzat célja, hogy az Erdélyi Magyar Látássérültekért Egyesület (továbbiakban EMLE) átfogó, átlátható és szabályszerű módon határozza meg az erdelyivakiskola.org weboldalon működő licit szabályait, mindezzel segítve a résztvevőket az webfelület zökkenőmentes használatában, valamint a licit tisztességes és jóhiszemű lebonyolítását. Ennek érdekében az EMLE, mint az erdelyivakiskola.org weboldal tulajdonosa, online elérhetővé teszi a licitszabályzatot. [&hellip;]</p>
